f 22185 and 256411765.
2465
What is the highest common divisor of 65103280 and 220?
220
Calculate the greatest common factor of 29840 and 109600.
80
What is the greatest common factor of 9 and 14752602?
9
Calculate the greatest common divisor of 2482 and 3177470.
34
What is the greatest common divisor of 189 and 112984767?
189
Calculate the highest common factor of 1374668 and 172.
4
What is the highest common divisor of 7626388 and 10612?
28
What is the greatest common factor of 93583689 and 123?
123
Calculate the highest common factor of 519285 and 8115.
15
What is the highest common divisor of 112 and 394905?
7
Calculate the greatest common factor of 292 and 614401726.
146
Calculate the highest common factor of 6760 and 343096.
104
What is the greatest common factor of 2205 and 120169560?
735
What is the greatest common divisor of 96371059 and 38?
19
Calculate the highest common factor of 592 and 12177366.
74
Calculate the highest common divisor of 29196 and 172404.
36
What is the highest common factor of 57600 and 620?
20
What is the greatest common factor of 368214981 and 2177?
311
Calculate the highest common factor of 2497846 and 2392.
598
Calculate the highest common divisor of 127739368 and 122.
122
What is the highest common factor of 392674862 and 722?
722
What is the highest common factor of 16884 and 47384008?
1876
Calculate the highest common divisor of 775638929 and 10673.
10673
Calculate the greatest common divisor of 91080 and 540.
180
What is the highest common factor of 620382595 and 1006?
503
Calculate the greatest common divisor of 16176 and 3317091.
1011
What is the greatest common divisor of 2774721 and 201?
3
Calculate the greatest common factor of 397089799 and 13263.
4421
What is the greatest common factor of 38268 and 835020?
36
What is the greatest common factor of 283 and 58080373?
283
Calculate the greatest common divisor of 232 and 170332834.
58
Calculate the greatest common divisor of 486066 and 3393516.
2982
Calculate the greatest common divisor of 245345162 and 58.
58
What is the greatest common divisor of 56286 and 785880?
1062
Calculate the greatest common divisor of 205678690 and 175.
35
Calculate the greatest common factor of 1391 and 204073610.
1391
Calculate the highest common divisor of 546 and 161980.
182
Calculate the highest common factor of 92 and 7516676.
92
Calculate the greatest common divisor of 29504 and 4401167.
461
What is the greatest common factor of 13552 and 43542268?
308
What is the greatest common factor of 646075 and 2034385?
3005
What is the greatest common factor of 3795114 and 255?
51
What is the highest common divisor of 1552 and 234550268?
388
Calculate the greatest common factor of 1804 and 59593787.
451
What is the greatest common divisor of 1 and 112454057?
1
What is the greatest common divisor of 100279413 and 15912?
1989
What is the highest common divisor of 1906811 and 4?
1
What is the greatest common factor of 23115 and 31970?
115
What is the highest common divisor of 7656 and 10290621?
957
What is the highest common divisor of 364 and 166668236?
28
Calculate the greatest common factor of 353682149 and 35335.
7067
Calculate the highest common divisor of 35464 and 230472.
88
Calculate the highest common divisor of 51504 and 7163.
29
Calculate the highest common factor of 2392 and 19820480.
184
What is the highest common factor of 46638 and 91242?
18
Calculate the highest common divisor of 39 and 906546810.
39
Calculate the greatest common divisor of 81318282 and 24.
6
Calculate the highest common factor of 69184 and 423936.
1472
What is the greatest common divisor of 216024736 and 32?
32
Calculate the highest common divisor of 121786314 and 20202.
2886
What is the greatest common factor of 387608386 and 44?
22
Calculate the highest common divisor of 322 and 431228.
14
What is the highest common divisor of 2935382 and 2?
2
What is the highest common factor of 3444 and 2402896020?
3444
What is the highest common divisor of 5316 and 25566?
6
What is the highest common divisor of 544 and 148632326?
34
Calculate the greatest common divisor of 904116150 and 626.
626
What is the greatest common divisor of 306 and 67042422?
18
Calculate the greatest common divisor of 45050740 and 644.
28
Calculate the highest common factor of 1376 and 67394416.
688
Calculate the greatest common factor of 196 and 13426196.
196
What is the highest common factor of 37058182 and 56?
14
What is the greatest common divisor of 26581 and 5633773?
1399
What is the greatest common factor of 46354 and 11165?
77
What is the greatest common factor of 7725368 and 116928?
1624
Calculate the highest common divisor of 30803000 and 1000.
1000
Calculate the greatest common divisor of 42 and 378588966.
42
What is the highest common factor of 50579619 and 8300?
83
What is the highest common divisor of 72864 and 245696?
352
What is the highest common divisor of 3064 and 66329472?
3064
What is the highest common divisor of 569324 and 9408?
28
What is the highest common factor of 1607634 and 540?
54
What is the greatest common factor of 74222 and 740384?
34
Calculate the highest common divisor of 1287728 and 25519.
1963
Calculate the greatest common divisor of 1035 and 38976605.
115
What is the greatest common factor of 154 and 22523809?
77
What is the greatest common factor of 4840 and 665846060?
2420
Calculate the highest common factor of 92 and 7142029.
23
Calculate the highest common factor of 257884 and 33.
11
What is the highest common divisor of 383355 and 84875?
35
What is the greatest common divisor of 65 and 16967?
1
Calculate the highest common factor of 2055 and 10747376.
137
What is the greatest common divisor of 6 and 985785?
3
What is the highest common factor of 180644360 and 370?
370
What is the greatest common factor of 8809 and 4646556?
383
Calculate the highest common factor of 55327562 and 1513.
89
What is the greatest common factor of 972 and 19246086?
486
What is the greatest common factor of 56 and 44449680?
8
What is the highest common factor of 54036 and 7132068?
684
Calculate the highest common divisor of 50561797 and 26.
13
Calculate the highest common divisor of 25227510 and 1320.
330
Calculate the highest common factor of 4483774 and 402.
134
What is the highest common divisor of 2411814 and 100098?
498
Calculate the highest common factor of 3129 and 4857549.
447
Calculate the greatest common divisor of 66718949 and 22.
11
What is the greatest common divisor of 4751793 and 40906?
181
What is the greatest common divisor of 462892608 and 2326?
2326
Calculate the highest common divisor of 16753 and 75163.
11
What is the highest common divisor of 8120073 and 234?
39
What is the greatest common divisor of 6056661 and 78?
39
Calculate the greatest common factor of 1286865 and 2885.
5
What is the greatest common divisor of 68 and 70099823?
17
Calculate the greatest common factor of 5681 and 20484812.
437
What is the greatest common divisor of 30291 and 677831804?
10097
What is the highest common divisor of 3673030 and 101460?
890
Calculate the greatest common factor of 8736 and 804832.
224
Calculate the highest common divisor of 16705854 and 1.
1
Calculate the highest common factor of 810860 and 80.
20
Calculate the highest common factor of 609162 and 114.
6
Calculate the highest common factor of 10 and 280046.
2
What is the greatest common divisor of 48 and 23254136?
8
Calculate the greatest common divisor of 1226038589 and 34.
17
Calculate the greatest common divisor of 852 and 203410172.
284
Calculate the greatest common divisor of 406200 and 115767.
2031
Calculate the greatest common divisor of 1 and 7943231.
1
What is the greatest common factor of 13696 and 11240992?
3424
Calculate the highest common factor of 100103610 and 270.
30
Calculate the greatest common factor of 1414 and 120806.
14
What is the highest common divisor of 73440612 and 576?
36
What is the highest common divisor of 9001034 and 42?
14
Calculate the highest common factor of 49782876 and 3685.
737
Calculate the highest common factor of 39923673 and 3.
3
What is the greatest common divisor of 3505920 and 246?
6
Calculate the greatest common factor of 894 and 7729971.
447
What is the greatest common factor of 25065916 and 12